me factors of g(u)?
2, 7
Suppose -3*p - 2*p + 5*z + 45 = 0, 5*z = -25. Suppose 0 = p*w - 16 - 32. List the prime factors of w.
2, 3
Let o = 199 + -92. List the prime factors of o.
107
Let b = 1 + -2. Let s be (b + 6/(-3))*-3. What are the prime factors of -3 + 6 + -1 + s?
11
Suppose 29*f - 23*f - 366 = 0. List the prime factors of f.
61
Suppose 88 = 4*z + 28. Suppose -o + 2*m - 7*m - 4 = 0, -z = 5*m. List the prime factors of o.
11
Let x = -28 - -2. Suppose 0*y + 3*y = 5*f + 130, -2*y + 72 = 4*f. Let i = x + y. What are the prime factors of i?
2, 7
Let s(g) = -4*g**2 - 3*g + 2. Let a be s(-3). Let q = 54 + a. List the prime factors of q.
29
Let m be (-16)/(-20)*10/4. Suppose -z - 3 = m*b, -5*z + 2*b = 7*b - 5. What are the prime factors of z?
5
Let m(l) = -35*l + 5. What are the prime factors of m(-3)?
2, 5, 11
What are the prime factors of ((-2)/3)/(4*6/(-1692))?
47
Let b(f) = -f**2 + 8*f + 12. Let x(m) = 3*m**2 - 15*m - 24. Let g(q) = -5*b(q) - 2*x(q). List the prime factors of g(-8).
2
Let s(a) be the third derivative of a**4/12 + 9*a**3/2 - a**2. List the prime factors of s(0).
3
Suppose -17 = -3*o + 2*o. List the prime factors of o.
17
Suppose 0 = 3*s - 323 + 29. What are the prime factors of s?
2, 7
Let o = 56 - 11. Let d = o + -32. What are the prime factors of d?
13
Suppose -2*z = -10 - 10. What are the prime factors of ((-4)/10)/((-1)/z)?
2
Let o(t) = 71*t - 21. What are the prime factors of o(5)?
2, 167
Let s = -18 + 135. List the prime factors of s.
3, 13
Let z = -81 + 206. List the prime factors of z.
5
Let w(m) = m**2 - 5*m + 5. Let v be w(5). Suppose -p = -8 + v. Suppose -r + p = -3. What are the prime factors of r?
2, 3
Suppose 0 = 9*g - 4*g - 90. List the prime factors of g.
2, 3
Let n be 1*3 - 3/3. Suppose 0*y - 45 = -y + 3*c, n*y - 3*c - 84 = 0. Let a = y - 27. List the prime factors of a.
2, 3
What are the prime factors of 109 - ((-48)/(-21) - (-4)/(-14))?
107
Suppose d + 3*f = -4, -5*d + f = 3*f - 6. Suppose -2*u + 5 = y, 0 = -d*y - 3*u + 8 + 7. List the prime factors of y.
3, 5
Let d(s) = -s - 3. Let z be d(-3). Suppose z*b = 4*b - 60. List the prime factors of b.
3, 5
Suppose 20 = 4*n - 4*j, -j + 4*j - 25 = -5*n. Let y(w) = 2*w**2 + 5 + n*w**2 + 5*w - w**3 + 2*w**3. What are the prime factors of y(-6)?
11
Let c = -49 + 86. List the prime factors of c.
37
Suppose -h = -2*q - 119, 0 = -2*q + 4*q - 6. List the prime factors of h.
5
Let w(m) = m**2. Let n be w(0). What are the prime factors of 13 - -2 - (n - -1)?
2, 7
Suppose -3*v = -20 - 16. What are the prime factors of v?
2, 3
Let q = 62 + -27. What are the prime factors of q?
5, 7
Suppose 0 = -2*o - 5*f + 20, -o = -0*f - f - 17. List the prime factors of (3 + 0 + o)/2.
3
What are the prime factors of (-88)/12*-1*3?
2, 11
Suppose 6*l = 2*l - 4*m + 72, 0 = l + 5*m - 6. List the prime factors of l.
3, 7
Suppose -5*v + 5*k + 210 = 0, 0*k + 4 = k. List the prime factors of v.
2, 23
Suppose 2*m + 0*m = 4. List the prime factors of -2*((-11)/m + 1).
3
Let x = -111 - -164. What are the prime factors of x?
53
Suppose -2*q + 235 = 3*q. List the prime factors of q.
47
Suppose 0 = -0*n - 3*n + 132. What are the prime factors of n?
2, 11
Let x = -17 + 28. Suppose -2*j = -31 + x. List the prime factors of j.
2, 5
Let c = -2 + 39. What are the prime factors of c?
37
Suppose 7 = -2*t + u + 19, 31 = 5*t - 3*u. Let d = 9 + -6. Let w = t - d. What are the prime factors of w?
2
Let t = -35 + 54. What are the prime factors of t?
19
Suppose 121 - 34 = x. Suppose -4*v = -k - x, -v + 67 = 2*v + k. What are the prime factors of v?
2, 11
Let h(s) = s**3 + 8*s**2 + 9*s + 8. List the prime factors of h(-5).
2, 19
Let w = 7 - -5. Let r = 52 + -30. Let h = r - w. List the prime factors of h.
2, 5
Let y(f) = -4*f - 5. Let r be y(-2). Suppose -r*m + 5 = v, 2*v - v - 2*m = 0. List the prime factors of v.
2
Let w = 0 - -5. Suppose -o + w*b + 22 = 0, -5*o - b = -o - 109. List the prime factors of o.
3
What are the prime factors of (-18585)/(-84) + 6/8?
2, 3, 37
Let b = 29 - 4. List the prime factors of b.
5
Let a = 5 - 4. Suppose -3*n - a = -i + 2, 2*i - 15 = -3*n. List the prime factors of i.
2, 3
Let p(a) = a**3 + 8*a**2 + 5. Let z be (-8)/3*(-7 - -10). List the prime factors of p(z).
5
Let s = 97 + -69. What are the prime factors of s?
2, 7
What are the prime factors of 2/12 + 2101/66?
2
Let y(n) = 6 - 5 - n**3 - 17*n + 9*n**2 + 3*n + 7. List the prime factors of y(7).
2
Let i(n) = n**2 + 10*n - 3. Let g be i(-6). Let a be (g/(-15))/(3/15). Let s = -5 + a. What are the prime factors of s?
2
Let t(q) be the second derivative of q**3/6 + q**2/2 + q. Let o(f) = f**3 - 3*f**2 - f + 6. Let n be o(3). List the prime factors of t(n).
2
Let j(d) = 2*d - 11. Let f be j(8). Suppose f - 1 = q. Suppose -k - 36 = -q*k. List the prime factors of k.
2, 3
Let x = 100 - 63. What are the prime factors of x?
37
Suppose j - 36 = -11. Suppose 5*c = -25, -j = -5*y - 3*c + 2*c. What are the prime factors of y?
2, 3
Let k = 20 - -5. List the prime factors of k.
5
Let z(w) = 7*w**3 - 3*w**2 + 4*w - 2. What are the prime factors of z(2)?
2, 5
Let h = -9 - -12. Let y be h + (-3 - (-4)/2). Suppose 0 = y*q + q - 39. List the prime factors of q.
13
Let o = 5 - 4. List the prime factors of -1*(-11 + -2)*o.
13
Let x(u) = -2*u - 7. Suppose 0 = -m - s - 19 + 45, -88 = -3*m + 2*s. Suppose -g - 3*g - 2*p = 30, 4*g + 4*p + m = 0. What are the prime factors of x(g)?
3
Suppose 0 = -3*y + 8*y - 25. Suppose y = 4*p - 43. What are the prime factors of p?
2, 3
Suppose -4*a = 5*o - 120, o - 2*a - 90 = -4*o. What are the prime factors of o?
2, 5
Suppose 2*x - 22 = 3*i - 4, 5*x + 2*i - 45 = 0. List the prime factors of x.
3
Suppose q + 18 = -18. List the prime factors of 3/(-1) + 1 - q.
2, 17
Let u(b) = b**3 - 4*b**2 - 5*b - 6. Let x be u(5). Let p = x + 20. What are the prime factors of p?
2, 7
Suppose 2*g + g - 9 = 0. Suppose -12 = -g*h + 108. What are the prime factors of h?
2, 5
Let v = 1 + 2. Let u = -2 + v. List the prime factors of 20/(1 + u) - 1.
3
Let k = -22 - -12. Let l(d) = 24*d**2 - d. Let r be l(1). Let t = r + k. What are the prime factors of t?
13
Suppose m = 2*l - l - 35, 35 = 2*l + 5*m. List the prime factors of l.
2, 3, 5
What are the prime factors of (3*(-22)/5)/((-30)/200)?
2, 11
Suppose -5*w + 19 = -11. Let d(g) = -79*g**2 + 85*g**2 + g**3 + 4 - 2*g**3. List the prime factors of d(w).
2
Let h = 145 + -87. List the prime factors of h.
2, 29
Let w = 89 - -60. List the prime factors of w.
149
Suppose -172 = -4*y + 2*z, 3*z = 2*y + 5*z - 74. What are the prime factors of y?
41
Let n be (59 - 1 - 2)/1. Let z = -25 + n. Let t = z + -20. What are the prime factors of t?
11
Let z(w) = 3*w**3 + 11*w**2 - 8*w - 1. Let x(b) = -b**3 - b**2 - b - 1. Let d(p) = -2*x(p) - z(p). What are the prime factors of d(-10)?
3
Suppose 3*c = 3*p - 30, 2*c + 6 = -5*p + 49. Let m = p + -5. Suppose -m*f = -3*f - 6. What are the prime factors of f?
2, 3
Let o = 15 - 9. Let d = 14 + o. What are the prime factors of d?
2, 5
Suppose 2*o - 3*o = 2*g - 76, o + 5*g = 73. Suppose 0 = 2*s + 3*r - o, -2*s = -4*r - 64. What are the prime factors of s?
2, 3
Let w = -7 + 4. What are the prime factors of (w/(-2))/((-6)/(-32))?
2
Suppose 3*p = 6 + 3. Suppose 0 = -p*t - o + 8, -t - 3*o + 2*o + 6 = 0. List the prime factors of (26/(-6))/(t/(-3)).
13
Let i(h) = h**3 + 6*h**2 + 5*h + 3. Let c be i(-4). Let r(n) = 3*n**3 + n**2 - 1. Let p be r(-1). Let f = p + c. What are the prime factors of f?
2, 3
Let j = -1 - -16. Let d be 3/(-2 - (-39)/j). Suppose -7 = -v + d. List the prime factors of v.
2, 3
Let p be 0 + 0/(4/(-2)). Suppose p = -d + 5*m + 16, 12 = -5*d + m - 4. Let b = d - -6. List the prime factors of b.
2
Suppose -8*i + 3*i = -90. What are the prime factors of i?
2, 3
Suppose -3*m + 12 = -0*m. Suppose v - m = 10. Suppose 4*f - 4*x - 18 = v, -4*f = -x - 47. What are the prime factors of f?
13
Suppose 23 = -x - 3*l + 210, 2*x + 4*l - 366 = 0. List the prime factors of x.
5, 7
Suppose -v + 6*v = -x + 47, 3*x - 103 = 4*v. What are the prime factors of x?
37
Let x(d) = -d**3 - 5*d**2 + 9*d - 9. Let p be x(-7). Let a = p + -11. What are the prime factors of a?
3, 5
Let s = 48 - 30. Let t be -21*(-3)/s*2. What are the prime factors of 4*(-1 - t/(-4))?
3
Suppose 0*u = 